be h(-6). Let k = -1 + v. What is the units digit of k?
5
Suppose 0*f + 10*f - 400 = 0. What is the units digit of f?
0
Suppose 70*z + 755 = 75*z. What is the tens digit of z?
5
Suppose 10 - 2 = 4*z. What is the units digit of z + 5/((-10)/(-16))?
0
Let h(p) = p**3 + 8*p**2 + 5*p + 3. Let y(d) = d - 3. Let l be y(-3). What is the units digit of h(l)?
5
Let g = 103 + -70. Suppose -2*o + 107 - g = 0. What is the units digit of o?
7
Let y be 10*(-1)/((-4)/(-6)). Suppose a + 18 = -a. Let l = a - y. What is the units digit of l?
6
Suppose 6 = 4*s - 58. What is the tens digit of s?
1
Let r be (-4)/6*27/(-6). Let l(i) = 3 - 2*i**r + i**3 - i**2 + 2*i + 0*i**2. What is the units digit of l(-2)?
3
Let c be (12/(-9))/(-4)*21. Suppose 9*u - 56 = c*u. What is the units digit of u?
8
Let t = -48 - -82. What is the units digit of t?
4
Suppose 134 + 37 = 2*y + 5*s, -3*y + 240 = 2*s. What is the units digit of y?
8
Let f = -43 - -81. Suppose 4*m - f = 2. What is the units digit of ((-8)/m)/(2/(-15))?
6
Let r(c) = -5*c - 2. Let z be r(-5). Suppose 2*k - 7 = 2*a - z, a = -k + 2. Suppose w = 5 + a. What is the units digit of w?
0
Suppose 5*y - 19 = 46. Let c = -7 + y. What is the units digit of c?
6
Let p(d) = d + 5. Let m be p(0). Suppose 17 = t + 2*a, -25 = -2*t - m*a + 14. What is the units digit of t?
7
Let l(b) = -b. Let p be l(0). Suppose 29 = -2*d - 5*h, 2*d + h + p*h = -9. Let s = d - -6. What is the units digit of s?
4
Let o(j) = j**3 + 2*j**2 - 4*j + 3. Let v be o(3). Let n = v + -21. What is the units digit of n?
5
Let l = 5 + 26. What is the tens digit of l?
3
Suppose -3*u + 16 = u. What is the units digit of 3/2 + 2/u?
2
Let a = 81 - -6. What is the tens digit of a?
8
Let l be 886/13 - (-12)/(-78). Suppose -5 - 27 = -2*k - 2*p, 5*k + p = l. What is the tens digit of k?
1
What is the units digit of 1058/11 - (14/77)/1?
6
Let w be 2/(-4) - (-2)/4. Suppose w = 2*c - 6*c + 8. Suppose f + f = c, 2*q = -3*f + 33. What is the units digit of q?
5
Let p be 13/1 + 15/(-5). Let o(a) be the first derivative of a**2/2 - 4*a + 3. What is the units digit of o(p)?
6
Suppose 3*v - 38 = 2*v. What is the units digit of v?
8
Let o(z) = -z**2 + z - 12. Let v be o(0). What is the units digit of (-78)/v - 1/2?
6
Let z = -163 + 283. What is the units digit of z?
0
Let g be 1 + -4 + (-6)/3. Let t = -4 - g. What is the units digit of t?
1
Suppose -20 = -5*h - 65. Let b(g) = 2*g**2 + 21*g - 9. Let t(r) = -r**2 - 11*r + 4. Let v(m) = 3*b(m) + 5*t(m). What is the units digit of v(h)?
2
Suppose -6*c + 3*c = -15. Suppose 3*a + a - 60 = 4*i, -2*a = c*i - 65. What is the units digit of a?
0
Let t be -1*6*(-35)/(-15). Let s = t + 25. What is the units digit of s?
1
Suppose -337 = -4*q - a, 0 = -3*a + 4*a + 3. What is the units digit of q?
5
Let d be 4 + (-4 - (-20)/4). Suppose 3*v - d*j = 151 - 5, 2*j + 2 = 0. What is the tens digit of v?
4
Suppose 5*j = -3*y + 15, -5*y + 25 = -3*j - 0*y. What is the units digit of (-1 - j)/(2/(-14))?
7
Suppose 3*f - 2*m = 10, 1 - 13 = -f + 5*m. Suppose -5*s - f*w = -3*w - 121, 5*s = 4*w + 124. Suppose 3*u + 3 = s. What is the units digit of u?
7
Suppose -1 = h - 3. Suppose -3*c + 2*v - v + 8 = 0, 0 = -2*c - h*v - 8. What is the tens digit of 11/1 + (c - 1)?
1
Let o(m) be the second derivative of -2*m**3/3 - 5*m**2/2 - m. Suppose -25 + 9 = 4*d. What is the units digit of o(d)?
1
Suppose -53 = -2*g - 5*v, 2*g - 68 + 11 = -v. What is the units digit of g?
9
Suppose 0 = -2*z + 6*z + 20. What is the units digit of z/(-5) - (0 - 12)?
3
Let q be -1*(1 - 1) + 3. Let h be 6/(-9) + 11/q. Suppose -5*n + 17 = 3*w, -2*w + h*n = -3*w + 3. What is the units digit of w?
9
Let g(m) = m**3 - 3*m**2 + 4*m - 4. What is the tens digit of g(4)?
2
Let p(b) = 2*b + 2. Let l(v) = 3*v + 4. Let a(g) = -3*l(g) + 5*p(g). Let k(u) = u**2 - 3*u + 4. Let o be k(3). What is the units digit of a(o)?
2
Suppose -215 - 281 = -4*n. What is the units digit of n?
4
Let q be 7/(0 - (-2)/10). Suppose -4*k = k - q. What is the units digit of k?
7
Let q be (0 - 3)*(6 + -9). What is the units digit of -2 + 2 + -1 + q?
8
Suppose 108 = 5*y - 42. What is the tens digit of y?
3
Let c(f) be the second derivative of f**4/12 - f**3/6 - 2*f**2 + f. Let d be c(3). What is the units digit of (-62)/(-12) - d/12?
5
Let r be -2*(-1)/(-2 - 0). Let w(h) = -6*h + 6. Let l(n) = -n - 1. Let b(m) = 6*l(m) + w(m). What is the tens digit of b(r)?
1
Suppose a + 17 = -7. Let l = 28 - a. Suppose 2*q = -5*k + 36, -2*q + 3*k = -7*q + l. What is the units digit of q?
8
Suppose -10*z + 7*z - 1014 = -4*p, 0 = 3*p + z - 754. What is the hundreds digit of p?
2
Let q(k) = k**3 + 5*k**2 + 2*k + 1. What is the units digit of q(-2)?
9
Let b(o) = -o**3 - 10*o**2 - 4*o - 20. What is the units digit of b(-10)?
0
Let s = 215 + -111. What is the units digit of s?
4
Suppose 8*q = 6*q + 80. What is the units digit of q?
0
Suppose 5 = z - 3. Suppose 0 = -4*l - z, -5*l = -5*b - l + 153. What is the units digit of b?
9
What is the units digit of 18/9 - (-1 + -6)?
9
Suppose -75 = 3*d - 0*d. Let g = 55 + d. Suppose 0 = b - 5, 0*b - g = -5*k - 2*b. What is the units digit of k?
4
Let d be 1/1 + 1 + 0. Suppose 3*g + 19 = d*m, 23 = 4*m - 5*g + 2*g. What is the units digit of m?
2
Suppose -12 = 4*y - 0*y. Let h(m) = -m**2 - 5*m - 4. Let b be h(y). Suppose b + 1 = t. What is the units digit of t?
3
Let s(z) = z + 0*z - 1 + 0*z. Suppose 0 = 5*k + 2*i - 30, -8*i = 5*k - 3*i - 45. What is the units digit of s(k)?
3
Suppose -5*m = -3*o - 6 + 30, 0 = -3*m - 3*o. Let f(h) = h**3 + 2*h**2 - 5*h - 2. Let y be f(-3). What is the units digit of m/(-12) - (-35)/y?
9
Let b be -2 + 6 - (0 - -1). Suppose -r - 5*n = -20, 0*r - 128 = -5*r + b*n. Let y = r + -18. What is the units digit of y?
7
Suppose -3 = -u - 1. Suppose l - 63 = -u*l. Suppose m = -2*m + l. What is the units digit of m?
7
Let j = 230 + -119. What is the units digit of j?
1
Suppose -2*v + 3*w + 7 = 1, 0 = w + 2. Let l(f) = f**2 + f - 2. Let r be l(v). What is the units digit of r/3 - (-53)/3?
7
Let r(k) = -k**2 + 7*k + 2. Let z be r(9). Let y = z - -50. Suppose 4*v - j - 73 = -v, 2*j - y = -2*v. What is the units digit of v?
5
Suppose k = 25 - 4. Suppose 11*f = 8*f + k. What is the units digit of f?
7
Let k(m) = m**2 + 3*m. Let x be k(-4). Suppose 4*g = -t - 3, 3*t - 2*g - 33 = -0*t. Let n = t - x. What is the units digit of n?
5
Suppose 5 = -5*z, 3*g = 2*g - 4*z - 35. What is the tens digit of (-2)/6 + g/(-3)?
1
Suppose 0*y - y - 43 = -3*b, 26 = 2*b + 2*y. What is the units digit of b?
4
Let n(v) = 6*v**2 + 3*v - 6. What is the tens digit of n(-4)?
7
Let v = 1 + 216. What is the tens digit of v?
1
Let k(p) = p**3 - 2*p**2 + 2*p - 4. Let n be k(3). Suppose r = -0*x + 2*x + 13, 3*r = -4*x - n. What is the units digit of r?
3
Suppose -6*z = -3*z - 132. What is the units digit of z?
4
Suppose -b + 44 = 3*b. What is the units digit of b?
1
Let y = -8 + 29. What is the tens digit of y?
2
Let c(g) = -g + 4. Suppose -p + 1 = 2*y, -y + 2 = -2*y. Let o be c(p). Let m = o + 3. What is the units digit of m?
2
Let n be (-2)/10 + 84/(-5). Let t = 2 - n. What is the tens digit of t?
1
Suppose 4*m - 192 = -0*m. What is the units digit of m/20 - (-4)/(-10)?
2
Let g be 2 + ((-6)/3 - -2). Suppose g*z = 4*d, d = -2*d - 3*z + 18. What is the units digit of d?
2
Suppose -5*k = -k + 3*z - 303, k = -2*z + 82. What is the tens digit of k?
7
Let q be (-4)/(-6) - 7/(-3). Suppose 0 + 12 = -q*b. Let p = b + 7. What is the units digit of p?
3
Let a be 58/10 + 5/25. Let s = a - 11. What is the units digit of 22/5*s/(-2)?
1
Let u be (48/(-9))/((-2)/6). Suppose -3*p - u = -7*p. Suppose p*l - 5 - 3 = 0. What is the units digit of l?
2
Let g be (-57)/(-6) - (-1)/2. Let y = g - 8. Suppose -y*s + 13 + 3 = 0. What is the units digit of s?
8
Let j = 35 - 30. What is the units digit of j?
5
Let k be (-4)/(-8) + 30/4. Let d = k - 6. What is the units digit of d?
2
Let b(u) = -u**3 + 3*u**2 + 7*u - 6. Let k be (-2 + 4)*(-2 - -4). Let s be b(k). What is the units digit of s*(10/6 + -1)?
4
Let v = 2 - 2. Suppose g = 4*g. Suppose v = 4*k - g*k - 20. What is the units digit of k?
5
What is the units digit of 8/(-6)*-3*11?
4
Suppose 2*d - 3*j = 60, 3*j + 92 = 4*d + 4*j. Suppose -c = 5*g - d, -4*c - 3*g = c - 76. Let b = -4 + c. What